{"id":2178,"date":"2025-07-01T07:21:41","date_gmt":"2025-07-01T05:21:41","guid":{"rendered":"http:\/\/dev2.nilssonssten.se\/?page_id=2178"},"modified":"2025-07-07T14:32:14","modified_gmt":"2025-07-07T12:32:14","slug":"ublast-gummiduk","status":"publish","type":"page","link":"https:\/\/stenhuggeri.se\/?page_id=2178","title":{"rendered":"UBlast Gummiduk"},"content":{"rendered":"\t\t<div data-elementor-type=\"wp-page\" data-elementor-id=\"2178\" class=\"elementor elementor-2178\" data-elementor-post-type=\"page\">\n\t\t\t\t<div class=\"elementor-element elementor-element-a56ec22 e-flex e-con-boxed e-con e-parent\" data-id=\"a56ec22\" data-element_type=\"container\" data-settings=\"{&quot;background_background&quot;:&quot;classic&quot;}\">\n\t\t\t\t\t<div class=\"e-con-inner\">\n\t\t\t\t<div class=\"elementor-element elementor-element-aa95da6 elementor-widget elementor-widget-image\" data-id=\"aa95da6\" data-element_type=\"widget\" data-widget_type=\"image.default\">\n\t\t\t\t<div class=\"elementor-widget-container\">\n\t\t\t\t\t\t\t\t\t\t\t\t\t\t\t<img fetchpriority=\"high\" decoding=\"async\" width=\"800\" height=\"239\" src=\"https:\/\/stenhuggeri.se\/wp-content\/uploads\/2025\/06\/Ublast-logotyp.png\" class=\"attachment-large size-large wp-image-2139\" alt=\"\" \/>\t\t\t\t\t\t\t\t\t\t\t\t\t\t\t<\/div>\n\t\t\t\t<\/div>\n\t\t\t\t<div class=\"elementor-element elementor-element-da1cef8 elementor-widget elementor-widget-text-editor\" data-id=\"da1cef8\" data-element_type=\"widget\" data-widget_type=\"text-editor.default\">\n\t\t\t\t<div class=\"elementor-widget-container\">\n\t\t\t\t\t\t\t\t\t<p>Ublast \u00e4r ett p\u00e5litligt val f\u00f6r bl\u00e4string och gravyr i sten. Ublast erbjuder flexibla och slitstarka stenciler som ger tydliga, exakta resultat \u00e4ven vid fin detaljbearbetning. Med stark vidh\u00e4ftning och enkel hantering \u00e4r deras gummidukar s\u00e4rskilt uppskattade av yrkesverksamma som kr\u00e4ver b\u00e5de precision och effektivitet i sitt arbete. Uppt\u00e4ck sortimentet och hitta r\u00e4tt l\u00f6sning f\u00f6r dina projekt<!--EndFragment --><\/p>\t\t\t\t\t\t\t\t<\/div>\n\t\t\t\t<\/div>\n\t\t\t\t\t<\/div>\n\t\t\t\t<\/div>\n\t\t<div class=\"elementor-element elementor-element-dfacfe7 e-flex e-con-boxed e-con e-parent\" data-id=\"dfacfe7\" data-element_type=\"container\" data-settings=\"{&quot;background_background&quot;:&quot;classic&quot;}\">\n\t\t\t\t\t<div class=\"e-con-inner\">\n\t\t\t\t<div class=\"elementor-element elementor-element-380e703 elementor-widget elementor-widget-heading\" data-id=\"380e703\" data-element_type=\"widget\" data-widget_type=\"heading.default\">\n\t\t\t\t<div class=\"elementor-widget-container\">\n\t\t\t\t\t<h2 class=\"elementor-heading-title elementor-size-default\">Modeller &amp; Storlekar<\/h2>\t\t\t\t<\/div>\n\t\t\t\t<\/div>\n\t\t\t\t\t<\/div>\n\t\t\t\t<\/div>\n\t\t<div class=\"elementor-element elementor-element-583fbd1 e-flex e-con-boxed e-con e-parent\" data-id=\"583fbd1\" data-element_type=\"container\" data-settings=\"{&quot;background_background&quot;:&quot;gradient&quot;}\">\n\t\t\t\t\t<div class=\"e-con-inner\">\n\t\t<div class=\"elementor-element elementor-element-ee42f34 e-con-full e-flex e-con e-child\" data-id=\"ee42f34\" data-element_type=\"container\">\n\t\t\t\t<div class=\"elementor-element elementor-element-17092ef elementor-widget elementor-widget-image\" data-id=\"17092ef\" data-element_type=\"widget\" data-widget_type=\"image.default\">\n\t\t\t\t<div class=\"elementor-widget-container\">\n\t\t\t\t\t\t\t\t\t\t\t\t\t\t\t<img decoding=\"async\" width=\"300\" height=\"247\" src=\"https:\/\/stenhuggeri.se\/wp-content\/uploads\/2025\/07\/Ublast-722.png\" class=\"elementor-animation-sink attachment-medium size-medium wp-image-2363\" alt=\"\" \/>\t\t\t\t\t\t\t\t\t\t\t\t\t\t\t<\/div>\n\t\t\t\t<\/div>\n\t\t\t\t<div class=\"elementor-element elementor-element-fccd900 elementor-widget elementor-widget-heading\" data-id=\"fccd900\" data-element_type=\"widget\" data-widget_type=\"heading.default\">\n\t\t\t\t<div class=\"elementor-widget-container\">\n\t\t\t\t\t<h2 class=\"elementor-heading-title elementor-size-default\">U-Blast 722<\/h2>\t\t\t\t<\/div>\n\t\t\t\t<\/div>\n\t\t\t\t<div class=\"elementor-element elementor-element-2538783 elementor-widget elementor-widget-text-editor\" data-id=\"2538783\" data-element_type=\"widget\" data-widget_type=\"text-editor.default\">\n\t\t\t\t<div class=\"elementor-widget-container\">\n\t\t\t\t\t\t\t\t\t<p>Bredd: 635mm, L\u00e4ngd: 9,15m, <br \/>Tjocklek: 1mm<\/p>\t\t\t\t\t\t\t\t<\/div>\n\t\t\t\t<\/div>\n\t\t\t\t<\/div>\n\t\t<div class=\"elementor-element elementor-element-606da8e e-con-full e-flex e-con e-child\" data-id=\"606da8e\" data-element_type=\"container\">\n\t\t\t\t<div class=\"elementor-element elementor-element-24b4bca elementor-widget elementor-widget-image\" data-id=\"24b4bca\" data-element_type=\"widget\" data-widget_type=\"image.default\">\n\t\t\t\t<div class=\"elementor-widget-container\">\n\t\t\t\t\t\t\t\t\t\t\t\t\t\t\t<img decoding=\"async\" width=\"300\" height=\"240\" src=\"https:\/\/stenhuggeri.se\/wp-content\/uploads\/2025\/07\/ublast-722b.png\" class=\"elementor-animation-sink attachment-medium size-medium wp-image-2364\" alt=\"\" \/>\t\t\t\t\t\t\t\t\t\t\t\t\t\t\t<\/div>\n\t\t\t\t<\/div>\n\t\t\t\t<div class=\"elementor-element elementor-element-4984bd1 elementor-widget elementor-widget-heading\" data-id=\"4984bd1\" data-element_type=\"widget\" data-widget_type=\"heading.default\">\n\t\t\t\t<div class=\"elementor-widget-container\">\n\t\t\t\t\t<h2 class=\"elementor-heading-title elementor-size-default\">U-Blast 722B<\/h2>\t\t\t\t<\/div>\n\t\t\t\t<\/div>\n\t\t\t\t<div class=\"elementor-element elementor-element-fdf5788 elementor-widget elementor-widget-text-editor\" data-id=\"fdf5788\" data-element_type=\"widget\" data-widget_type=\"text-editor.default\">\n\t\t\t\t<div class=\"elementor-widget-container\">\n\t\t\t\t\t\t\t\t\t<p>Bredd (helhet): 500mm, Bredd (duk): 475mm, L\u00e4ngd: 9,15m, Tjocklek: 1mm<\/p>\t\t\t\t\t\t\t\t<\/div>\n\t\t\t\t<\/div>\n\t\t\t\t<div class=\"elementor-element elementor-element-1ade93e elementor-widget elementor-widget-text-editor\" data-id=\"1ade93e\" data-element_type=\"widget\" data-widget_type=\"text-editor.default\">\n\t\t\t\t<div class=\"elementor-widget-container\">\n\t\t\t\t\t\t\t\t\t<p>En smalare design som g\u00f6r att man enkelt kan minimera on\u00f6digt spill, samtidigt som den \u00e4r s\u00e4rskilt framtagen f\u00f6r sk\u00e4rmaskiner som inte kan k\u00f6ra direkt p\u00e5 gummi \u2013 tack vare de praktiska plastkanterna som g\u00f6r den l\u00e4tt att anv\u00e4nda.<br \/><!--EndFragment --><\/p>\t\t\t\t\t\t\t\t<\/div>\n\t\t\t\t<\/div>\n\t\t\t\t<\/div>\n\t\t\t\t\t<\/div>\n\t\t\t\t<\/div>\n\t\t\t\t<\/div>\n\t\t","protected":false},"excerpt":{"rendered":"<p>Ublast \u00e4r ett p\u00e5litligt val f\u00f6r bl\u00e4string och gravyr i sten. Ublast erbjuder flexibla och slitstarka stenciler som ger tydliga, exakta resultat \u00e4ven vid fin detaljbearbetning. Med stark vidh\u00e4ftning och enkel hantering \u00e4r deras gummidukar s\u00e4rskilt uppskattade av yrkesverksamma som kr\u00e4ver b\u00e5de precision och effektivitet i sitt arbete. Uppt\u00e4ck sortimentet och hitta r\u00e4tt l\u00f6sning f\u00f6r [&hellip;]<\/p>\n","protected":false},"author":2,"featured_media":0,"parent":0,"menu_order":0,"comment_status":"closed","ping_status":"closed","template":"","meta":{"footnotes":""},"class_list":["post-2178","page","type-page","status-publish","hentry"],"_links":{"self":[{"href":"https:\/\/stenhuggeri.se\/index.php?rest_route=\/wp\/v2\/pages\/2178","targetHints":{"allow":["GET"]}}],"collection":[{"href":"https:\/\/stenhuggeri.se\/index.php?rest_route=\/wp\/v2\/pages"}],"about":[{"href":"https:\/\/stenhuggeri.se\/index.php?rest_route=\/wp\/v2\/types\/page"}],"author":[{"embeddable":true,"href":"https:\/\/stenhuggeri.se\/index.php?rest_route=\/wp\/v2\/users\/2"}],"replies":[{"embeddable":true,"href":"https:\/\/stenhuggeri.se\/index.php?rest_route=%2Fwp%2Fv2%2Fcomments&post=2178"}],"version-history":[{"count":60,"href":"https:\/\/stenhuggeri.se\/index.php?rest_route=\/wp\/v2\/pages\/2178\/revisions"}],"predecessor-version":[{"id":2379,"href":"https:\/\/stenhuggeri.se\/index.php?rest_route=\/wp\/v2\/pages\/2178\/revisions\/2379"}],"wp:attachment":[{"href":"https:\/\/stenhuggeri.se\/index.php?rest_route=%2Fwp%2Fv2%2Fmedia&parent=2178"}],"curies":[{"name":"wp","href":"https:\/\/api.w.org\/{rel}","templated":true}]}}