{"id":1181,"date":"2025-06-02T13:22:01","date_gmt":"2025-06-02T11:22:01","guid":{"rendered":"http:\/\/dev2.nilssonssten.se\/?page_id=1181"},"modified":"2025-06-25T06:36:07","modified_gmt":"2025-06-25T04:36:07","slug":"brembana-aquatec","status":"publish","type":"page","link":"https:\/\/stenhuggeri.se\/?page_id=1181","title":{"rendered":"Brembana Aquatec"},"content":{"rendered":"\t\t<div data-elementor-type=\"wp-page\" data-elementor-id=\"1181\" class=\"elementor elementor-1181\" data-elementor-post-type=\"page\">\n\t\t\t\t<div class=\"elementor-element elementor-element-c6a24c9 e-flex e-con-boxed e-con e-parent\" data-id=\"c6a24c9\" data-element_type=\"container\">\n\t\t\t\t\t<div class=\"e-con-inner\">\n\t\t\t\t<div class=\"elementor-element elementor-element-3b5c47f elementor-widget elementor-widget-spacer\" data-id=\"3b5c47f\" data-element_type=\"widget\" data-widget_type=\"spacer.default\">\n\t\t\t\t<div class=\"elementor-widget-container\">\n\t\t\t\t\t\t\t<div class=\"elementor-spacer\">\n\t\t\t<div class=\"elementor-spacer-inner\"><\/div>\n\t\t<\/div>\n\t\t\t\t\t\t<\/div>\n\t\t\t\t<\/div>\n\t\t\t\t\t<\/div>\n\t\t\t\t<\/div>\n\t\t<div class=\"elementor-element elementor-element-9d06cf2 e-flex e-con-boxed e-con e-parent\" data-id=\"9d06cf2\" data-element_type=\"container\">\n\t\t\t\t\t<div class=\"e-con-inner\">\n\t\t<div class=\"elementor-element elementor-element-1504e05 e-con-full e-flex e-con e-child\" data-id=\"1504e05\" data-element_type=\"container\">\n\t\t\t\t<div class=\"elementor-element elementor-element-21bc900 elementor-widget elementor-widget-image\" data-id=\"21bc900\" data-element_type=\"widget\" data-widget_type=\"image.default\">\n\t\t\t\t<div class=\"elementor-widget-container\">\n\t\t\t\t\t\t\t\t\t\t\t\t\t\t\t<img fetchpriority=\"high\" decoding=\"async\" width=\"800\" height=\"534\" src=\"https:\/\/stenhuggeri.se\/wp-content\/uploads\/2025\/06\/brembana-aquatec.png\" class=\"attachment-large size-large wp-image-1191\" alt=\"\" \/>\t\t\t\t\t\t\t\t\t\t\t\t\t\t\t<\/div>\n\t\t\t\t<\/div>\n\t\t\t\t<\/div>\n\t\t<div class=\"elementor-element elementor-element-bcc2b46 e-con-full e-flex e-con e-child\" data-id=\"bcc2b46\" data-element_type=\"container\">\n\t\t\t\t<div class=\"elementor-element elementor-element-1e94f02 elementor-widget elementor-widget-heading\" data-id=\"1e94f02\" data-element_type=\"widget\" data-widget_type=\"heading.default\">\n\t\t\t\t<div class=\"elementor-widget-container\">\n\t\t\t\t\t<h2 class=\"elementor-heading-title elementor-size-default\">BREMBANA AQUATEC<\/h2>\t\t\t\t<\/div>\n\t\t\t\t<\/div>\n\t\t\t\t<div class=\"elementor-element elementor-element-149347b elementor-widget elementor-widget-text-editor\" data-id=\"149347b\" data-element_type=\"widget\" data-widget_type=\"text-editor.default\">\n\t\t\t\t<div class=\"elementor-widget-container\">\n\t\t\t\t\t\t\t\t\t<p><span style=\"font-weight: 400;\">3- och 5-axligt hydro-abrasivt vattensk\u00e4rningssystem<\/span><\/p>\t\t\t\t\t\t\t\t<\/div>\n\t\t\t\t<\/div>\n\t\t\t\t<div class=\"elementor-element elementor-element-6f69be8 elementor-widget elementor-widget-text-editor\" data-id=\"6f69be8\" data-element_type=\"widget\" data-widget_type=\"text-editor.default\">\n\t\t\t\t<div class=\"elementor-widget-container\">\n\t\t\t\t\t\t\t\t\t<p><span style=\"font-weight: 400;\">Brembana Aquatec \u00e4r ett avancerat, m\u00e5ngsidigt och h\u00f6gpresterande abrasivt vattensk\u00e4rningssystem, som kan anpassas till de mest varierande produktionsbehoven inom olika till\u00e4mpningsomr\u00e5den och leverera extremt precisa snitt. <\/span><span style=\"font-weight: 400;\">Maskinen best\u00e5r av en r\u00f6rlig brygga som f\u00e4rdas l\u00e4ngs separata h\u00f6gtycksst\u00e5lsst\u00f6d, f\u00f6rankrade i golvet f\u00f6r att ge enast\u00e5ende strukturell stabilitet. Denna konstruktion s\u00e4kerst\u00e4ller h\u00f6g prestanda \u00e4ven vid de mest kr\u00e4vande uppgifterna.<\/span><\/p>\t\t\t\t\t\t\t\t<\/div>\n\t\t\t\t<\/div>\n\t\t\t\t<div class=\"elementor-element elementor-element-24858af elementor-widget elementor-widget-text-editor\" data-id=\"24858af\" data-element_type=\"widget\" data-widget_type=\"text-editor.default\">\n\t\t\t\t<div class=\"elementor-widget-container\">\n\t\t\t\t\t\t\t\t\t<ul><li><span style=\"font-weight: 400;\">R\u00f6relserna \u2013 inklusive sk\u00e4rhuvudets \u2013 utf\u00f6rs via h\u00f6gprecisions h\u00e4rdad och slipad kuggst\u00e5ng, driven av borstl\u00f6sa motorer.<\/span><\/li><li><span style=\"font-weight: 400;\">St\u00e5lskydd och polyuretanb\u00e4lgar skyddar alla r\u00f6relsekomponenter fr\u00e5n vatten och damm.<\/span><\/li><li><span style=\"font-weight: 400;\">Materialhanteringen \u00e4r snabb och enkel tack vare 2 eller 4 \u00f6ppna sidor, vilket \u00e4ven g\u00f6r det enkelt att \u00f6vervaka sk\u00e4rprocessen. Dessutom ger det m\u00f6jlighet att installera ytterligare utrustning f\u00f6r materialhantering.<\/span><\/li><\/ul>\t\t\t\t\t\t\t\t<\/div>\n\t\t\t\t<\/div>\n\t\t\t\t<div class=\"elementor-element elementor-element-94b7641 elementor-widget elementor-widget-text-editor\" data-id=\"94b7641\" data-element_type=\"widget\" data-widget_type=\"text-editor.default\">\n\t\t\t\t<div class=\"elementor-widget-container\">\n\t\t\t\t\t\t\t\t\t<p><span style=\"font-weight: 400;\">Brembana Aquatec finns \u00e4ven i f\u00f6ljande versioner:<\/span><\/p>\t\t\t\t\t\t\t\t<\/div>\n\t\t\t\t<\/div>\n\t\t\t\t<div class=\"elementor-element elementor-element-2998742 elementor-widget elementor-widget-text-editor\" data-id=\"2998742\" data-element_type=\"widget\" data-widget_type=\"text-editor.default\">\n\t\t\t\t<div class=\"elementor-widget-container\">\n\t\t\t\t\t\t\t\t\t<ul><li><b>Twin<\/b><span style=\"font-weight: 400;\"> (l\u00f6sning f\u00f6r pendelarbete med dubbel tank)<\/span><\/li><\/ul>\t\t\t\t\t\t\t\t<\/div>\n\t\t\t\t<\/div>\n\t\t\t\t<\/div>\n\t\t\t\t\t<\/div>\n\t\t\t\t<\/div>\n\t\t<div class=\"elementor-element elementor-element-6e8e380b e-con-full e-flex e-con e-parent\" data-id=\"6e8e380b\" data-element_type=\"container\" data-settings=\"{&quot;background_background&quot;:&quot;classic&quot;}\">\n\t\t<div class=\"elementor-element elementor-element-6a7bb873 e-con-full e-flex e-con e-child\" data-id=\"6a7bb873\" data-element_type=\"container\">\n\t\t<div class=\"elementor-element elementor-element-492626f5 e-con-full e-flex e-con e-child\" data-id=\"492626f5\" data-element_type=\"container\">\n\t\t\t\t<div class=\"elementor-element elementor-element-48d540bb elementor-cta--layout-image-above elementor-widget__width-inherit elementor-widget-tablet__width-inherit elementor-cta--valign-top elementor-cta--skin-classic elementor-animated-content elementor-widget elementor-widget-call-to-action\" data-id=\"48d540bb\" data-element_type=\"widget\" data-widget_type=\"call-to-action.default\">\n\t\t\t\t<div class=\"elementor-widget-container\">\n\t\t\t\t\t\t\t<div class=\"elementor-cta\">\n\t\t\t\t\t<div class=\"elementor-cta__bg-wrapper\">\n\t\t\t\t<div class=\"elementor-cta__bg elementor-bg\" style=\"background-image: url(https:\/\/stenhuggeri.se\/wp-content\/uploads\/2025\/06\/Aquatec1.png);\" role=\"img\" aria-label=\"Aquatec1\"><\/div>\n\t\t\t\t<div class=\"elementor-cta__bg-overlay\"><\/div>\n\t\t\t<\/div>\n\t\t\t\t\t\t\t<div class=\"elementor-cta__content\">\n\t\t\t\t\n\t\t\t\t\t\t\t\t\t<h2 class=\"elementor-cta__title elementor-cta__content-item elementor-content-item\">\n\t\t\t\t\t\tO\u00f6vertr\u00e4ffad sk\u00e4rprestanda\t\t\t\t\t<\/h2>\n\t\t\t\t\n\t\t\t\t\t\t\t\t\t<div class=\"elementor-cta__description elementor-cta__content-item elementor-content-item\">\n\t\t\t\t\t\tDen \u00f6ppna ramstrukturen med elektrisk portal p\u00e5 tv\u00e5 separata tjocka st\u00f6d, f\u00f6rankrade i golvet, erbjuder h\u00f6g styvhet \u00e4ven vid h\u00f6ga hastigheter upp till 54 m\/min och accelerationer upp till 2 m\/s\u00b2.\t\t\t\t\t<\/div>\n\t\t\t\t\n\t\t\t\t\t\t\t<\/div>\n\t\t\t\t\t\t<\/div>\n\t\t\t\t\t\t<\/div>\n\t\t\t\t<\/div>\n\t\t\t\t<\/div>\n\t\t<div class=\"elementor-element elementor-element-737d6606 e-con-full e-flex e-con e-child\" data-id=\"737d6606\" data-element_type=\"container\">\n\t\t\t\t<div class=\"elementor-element elementor-element-212e65aa elementor-cta--layout-image-above elementor-widget__width-inherit elementor-cta--valign-top elementor-cta--skin-classic elementor-animated-content elementor-widget elementor-widget-call-to-action\" data-id=\"212e65aa\" data-element_type=\"widget\" data-widget_type=\"call-to-action.default\">\n\t\t\t\t<div class=\"elementor-widget-container\">\n\t\t\t\t\t\t\t<div class=\"elementor-cta\">\n\t\t\t\t\t<div class=\"elementor-cta__bg-wrapper\">\n\t\t\t\t<div class=\"elementor-cta__bg elementor-bg\" style=\"background-image: url(https:\/\/stenhuggeri.se\/wp-content\/uploads\/2025\/06\/Aquatec2.jpg);\" role=\"img\" aria-label=\"Aquatec2\"><\/div>\n\t\t\t\t<div class=\"elementor-cta__bg-overlay\"><\/div>\n\t\t\t<\/div>\n\t\t\t\t\t\t\t<div class=\"elementor-cta__content\">\n\t\t\t\t\n\t\t\t\t\t\t\t\t\t<h2 class=\"elementor-cta__title elementor-cta__content-item elementor-content-item\">\n\t\t\t\t\t\tO\u00e4ndliga m\u00f6jligheter: upp till 33 % kortare cykeltid\t\t\t\t\t<\/h2>\n\t\t\t\t\n\t\t\t\t\t\t\t\t\t<div class=\"elementor-cta__description elementor-cta__content-item elementor-content-item\">\n\t\t\t\t\t\tDen mest kompakta l\u00f6sningen p\u00e5 marknaden med o\u00e4ndlig rotation, vilket minskar sk\u00e4rcykeln med 33 % genom att eliminera behovet av att \u00e5terst\u00e4lla C-axelns rotation f\u00f6r att justera interna ledningar och r\u00f6r.\t\t\t\t\t<\/div>\n\t\t\t\t\n\t\t\t\t\t\t\t<\/div>\n\t\t\t\t\t\t<\/div>\n\t\t\t\t\t\t<\/div>\n\t\t\t\t<\/div>\n\t\t\t\t<\/div>\n\t\t<div class=\"elementor-element elementor-element-1758ff21 e-con-full e-flex e-con e-child\" data-id=\"1758ff21\" data-element_type=\"container\">\n\t\t\t\t<div class=\"elementor-element elementor-element-38fcc960 elementor-cta--layout-image-above elementor-widget__width-inherit elementor-cta--valign-top elementor-cta--skin-classic elementor-animated-content elementor-widget elementor-widget-call-to-action\" data-id=\"38fcc960\" data-element_type=\"widget\" data-widget_type=\"call-to-action.default\">\n\t\t\t\t<div class=\"elementor-widget-container\">\n\t\t\t\t\t\t\t<div class=\"elementor-cta\">\n\t\t\t\t\t<div class=\"elementor-cta__bg-wrapper\">\n\t\t\t\t<div class=\"elementor-cta__bg elementor-bg\" style=\"background-image: url(https:\/\/stenhuggeri.se\/wp-content\/uploads\/2025\/06\/Aquatec3.png);\" role=\"img\" aria-label=\"Aquatec3\"><\/div>\n\t\t\t\t<div class=\"elementor-cta__bg-overlay\"><\/div>\n\t\t\t<\/div>\n\t\t\t\t\t\t\t<div class=\"elementor-cta__content\">\n\t\t\t\t\n\t\t\t\t\t\t\t\t\t<h2 class=\"elementor-cta__title elementor-cta__content-item elementor-content-item\">\n\t\t\t\t\t\tEnkel hantering: \u00e5tkomst till arbetsbordet fr\u00e5n fyra sidor\t\t\t\t\t<\/h2>\n\t\t\t\t\n\t\t\t\t\t\t\t\t\t<div class=\"elementor-cta__description elementor-cta__content-item elementor-content-item\">\n\t\t\t\t\t\tUtm\u00e4rkt \u00e5tkomst till sk\u00e4romr\u00e5det \u2013 den stora portalen och den modul\u00e4ra ramen m\u00f6jligg\u00f6r konfigurationer med gott om utrymme kring uppsamlingstanken f\u00f6r enkel lastning och lossning av material.\t\t\t\t\t<\/div>\n\t\t\t\t\n\t\t\t\t\t\t\t<\/div>\n\t\t\t\t\t\t<\/div>\n\t\t\t\t\t\t<\/div>\n\t\t\t\t<\/div>\n\t\t\t\t<\/div>\n\t\t<div class=\"elementor-element elementor-element-124e2616 e-con-full e-flex e-con e-child\" data-id=\"124e2616\" data-element_type=\"container\">\n\t\t\t\t<div class=\"elementor-element elementor-element-51e19cf1 elementor-cta--layout-image-above elementor-widget__width-inherit elementor-cta--valign-top elementor-cta--skin-classic elementor-animated-content elementor-widget elementor-widget-call-to-action\" data-id=\"51e19cf1\" data-element_type=\"widget\" data-widget_type=\"call-to-action.default\">\n\t\t\t\t<div class=\"elementor-widget-container\">\n\t\t\t\t\t\t\t<div class=\"elementor-cta\">\n\t\t\t\t\t<div class=\"elementor-cta__bg-wrapper\">\n\t\t\t\t<div class=\"elementor-cta__bg elementor-bg\" style=\"background-image: url(https:\/\/stenhuggeri.se\/wp-content\/uploads\/2025\/06\/Aquatec4.png);\" role=\"img\" aria-label=\"Aquatec4\"><\/div>\n\t\t\t\t<div class=\"elementor-cta__bg-overlay\"><\/div>\n\t\t\t<\/div>\n\t\t\t\t\t\t\t<div class=\"elementor-cta__content\">\n\t\t\t\t\n\t\t\t\t\t\t\t\t\t<h2 class=\"elementor-cta__title elementor-cta__content-item elementor-content-item\">\n\t\t\t\t\t\tH\u00f6g flexibilitet f\u00f6r maximal produktivitet\t\t\t\t\t<\/h2>\n\t\t\t\t\n\t\t\t\t\t\t\t\t\t<div class=\"elementor-cta__description elementor-cta__content-item elementor-content-item\">\n\t\t\t\t\t\tDen modul\u00e4ra strukturen hos ramen och uppsamlingstanken erbjuder h\u00f6g flexibilitet f\u00f6r de mest kr\u00e4vande kunderna som s\u00f6ker l\u00f6sningar f\u00f6r stora format och tung bearbetning\t\t\t\t\t<\/div>\n\t\t\t\t\n\t\t\t\t\t\t\t<\/div>\n\t\t\t\t\t\t<\/div>\n\t\t\t\t\t\t<\/div>\n\t\t\t\t<\/div>\n\t\t\t\t<\/div>\n\t\t\t\t<\/div>\n\t\t\t\t<\/div>\n\t\t<div class=\"elementor-element elementor-element-e8f8b7f e-flex e-con-boxed e-con e-parent\" data-id=\"e8f8b7f\" data-element_type=\"container\" data-settings=\"{&quot;background_background&quot;:&quot;gradient&quot;}\">\n\t\t\t\t\t<div class=\"e-con-inner\">\n\t\t\t\t<div class=\"elementor-element elementor-element-15127d2 elementor-widget elementor-widget-heading\" data-id=\"15127d2\" data-element_type=\"widget\" data-widget_type=\"heading.default\">\n\t\t\t\t<div class=\"elementor-widget-container\">\n\t\t\t\t\t<h2 class=\"elementor-heading-title elementor-size-default\">Teknisk information<\/h2>\t\t\t\t<\/div>\n\t\t\t\t<\/div>\n\t\t\t\t<div class=\"elementor-element elementor-element-7346ca9 elementor-widget elementor-widget-elementskit-tablepress\" data-id=\"7346ca9\" data-element_type=\"widget\" data-widget_type=\"elementskit-tablepress.default\">\n\t\t\t\t<div class=\"elementor-widget-container\">\n\t\t\t\t\t<div class=\"elemenetskit-tablepress ekit-wid-con\" id=\"ekit_tablepress_7346ca9\">\n<table id=\"tablepress-19\" class=\"tablepress tablepress-id-19\">\n<tbody class=\"row-striping row-hover\">\n<tr class=\"row-1\">\n\t<td class=\"column-1\">Modell<\/td><td class=\"column-2\">2030<\/td><td class=\"column-3\">2040<\/td><td class=\"column-4\">6030<\/td>\n<\/tr>\n<tr class=\"row-2\">\n\t<td class=\"column-1\">X-axelns r\u00f6relse<\/td><td class=\"column-2\">3800 mm \/ 149 tum<\/td><td class=\"column-3\">4020 mm \/ 158 tum<\/td><td class=\"column-4\">3000 mm \/ 118 tum<\/td>\n<\/tr>\n<tr class=\"row-3\">\n\t<td class=\"column-1\">Y-axelns r\u00f6relse<\/td><td class=\"column-2\">2650 mm \/ 104 tum<\/td><td class=\"column-3\">2650 mm \/ 104 tum<\/td><td class=\"column-4\">6650 mm \/ 262 tum<\/td>\n<\/tr>\n<tr class=\"row-4\">\n\t<td class=\"column-1\">Z-axelns r\u00f6relse<\/td><td class=\"column-2\">650 mm \/ 25 tum<\/td><td class=\"column-3\">650 mm \/ 25 tum<\/td><td class=\"column-4\">650 mm \/ 25 tum<\/td>\n<\/tr>\n<tr class=\"row-5\">\n\t<td class=\"column-1\">Snabbhastighet<\/td><td class=\"column-2\">54 m\/min<\/td><td class=\"column-3\">54 m\/min<\/td><td class=\"column-4\">54 m\/min<\/td>\n<\/tr>\n<tr class=\"row-6\">\n\t<td class=\"column-1\">Acceleration<\/td><td class=\"column-2\">2 m\/s\u00b2<\/td><td class=\"column-3\">2 m\/s\u00b2<\/td><td class=\"column-4\">2 m\/s\u00b2<\/td>\n<\/tr>\n<tr class=\"row-7\">\n\t<td class=\"column-1\">B-axel<\/td><td class=\"column-2\">\u00b160\u00b0<\/td><td class=\"column-3\">\u00b160\u00b0<\/td><td class=\"column-4\">\u00b160\u00b0<\/td>\n<\/tr>\n<tr class=\"row-8\">\n\t<td class=\"column-1\">B-axel snabbhastighet<\/td><td class=\"column-2\">17299\u00b0\/min<\/td><td class=\"column-3\">17299\u00b0\/min<\/td><td class=\"column-4\">17299\u00b0\/min<\/td>\n<\/tr>\n<tr class=\"row-9\">\n\t<td class=\"column-1\">B-axel acceleration<\/td><td class=\"column-2\">1450\u00b0\/s\u00b2<\/td><td class=\"column-3\">1450\u00b0\/s\u00b2<\/td><td class=\"column-4\">1450\u00b0\/s\u00b2<\/td>\n<\/tr>\n<tr class=\"row-10\">\n\t<td class=\"column-1\">C-axel<\/td><td class=\"column-2\">O\u00e4ndlig<\/td><td class=\"column-3\">O\u00e4ndlig<\/td><td class=\"column-4\">O\u00e4ndlig<\/td>\n<\/tr>\n<tr class=\"row-11\">\n\t<td class=\"column-1\">C-axel snabbhastighet<\/td><td class=\"column-2\">13400\u00b0\/min<\/td><td class=\"column-3\">13400\u00b0\/min<\/td><td class=\"column-4\">13400\u00b0\/min<\/td>\n<\/tr>\n<tr class=\"row-12\">\n\t<td class=\"column-1\">C-axel acceleration<\/td><td class=\"column-2\">850\u00b0\/s\u00b2<\/td><td class=\"column-3\">850\u00b0\/s\u00b2<\/td><td class=\"column-4\">850\u00b0\/s\u00b2<\/td>\n<\/tr>\n<tr class=\"row-13\">\n\t<td class=\"column-1\">Arbetsomr\u00e5de<\/td><td class=\"column-2\">2000 \u00d7 300 mm \/ 78 \u00d7 118 tum<\/td><td class=\"column-3\">2000 \u00d7 4000 mm \/ 78 \u00d7 157 tum<\/td><td class=\"column-4\">6000 \u00d7 3000 mm \/ 236 \u00d7 118 tum<\/td>\n<\/tr>\n<tr class=\"row-14\">\n\t<td class=\"column-1\">Totala m\u00e5tt utan ljusbarri\u00e4rer<\/td><td class=\"column-2\">5886 \u00d7 4039 mm \/ 232 \u00d7 159 tum<\/td><td class=\"column-3\">5886 \u00d7 4039 mm \/ 232 \u00d7 159 tum<\/td><td class=\"column-4\">8195 \u00d7 6832 mm \/ 323 \u00d7 269 tum<\/td>\n<\/tr>\n<\/tbody>\n<\/table>\n<!-- #tablepress-19 from cache --><\/div>\t\t\t\t<\/div>\n\t\t\t\t<\/div>\n\t\t\t\t<div class=\"elementor-element elementor-element-6653f88 elementor-widget elementor-widget-text-editor\" data-id=\"6653f88\" data-element_type=\"widget\" data-widget_type=\"text-editor.default\">\n\t\t\t\t<div class=\"elementor-widget-container\">\n\t\t\t\t\t\t\t\t\t<p><b>Standardversioner<\/b><b><br \/><\/b><span style=\"font-weight: 400;\"> Finns tillg\u00e4ngliga upp till modell <\/span><b>60120<\/b><span style=\"font-weight: 400;\"> (12000 \u00d7 6000 mm)<br \/><\/span><b>Dynamisk precision (3-axligt)<\/b><span style=\"font-weight: 400;\"> \u00b10,10 mm<\/span><span style=\"font-weight: 400;\"><br \/><\/span> <b>Repetitionsnoggrannhet f\u00f6r &#8220;ps&#8221;-positionering<\/b><span style=\"font-weight: 400;\"> \u00b10,025 mm<\/span><\/p>\t\t\t\t\t\t\t\t<\/div>\n\t\t\t\t<\/div>\n\t\t\t\t\t<\/div>\n\t\t\t\t<\/div>\n\t\t<div class=\"elementor-element elementor-element-193983d e-flex e-con-boxed e-con e-parent\" data-id=\"193983d\" data-element_type=\"container\" data-settings=\"{&quot;background_background&quot;:&quot;classic&quot;}\">\n\t\t\t\t\t<div class=\"e-con-inner\">\n\t\t\t\t<div class=\"elementor-element elementor-element-680650c elementor-align-right elementor-widget elementor-widget-button\" data-id=\"680650c\" data-element_type=\"widget\" data-widget_type=\"button.default\">\n\t\t\t\t<div class=\"elementor-widget-container\">\n\t\t\t\t\t\t\t\t\t<div class=\"elementor-button-wrapper\">\n\t\t\t\t\t<a class=\"elementor-button elementor-button-link elementor-size-sm\" href=\"http:\/\/stenhuggeri.se\/wp-content\/uploads\/2025\/06\/WATERJET_STONE_ENG.pdf\">\n\t\t\t\t\t\t<span class=\"elementor-button-content-wrapper\">\n\t\t\t\t\t\t\t\t\t<span class=\"elementor-button-text\">Dokumentation<\/span>\n\t\t\t\t\t<\/span>\n\t\t\t\t\t<\/a>\n\t\t\t\t<\/div>\n\t\t\t\t\t\t\t\t<\/div>\n\t\t\t\t<\/div>\n\t\t\t\t\t<\/div>\n\t\t\t\t<\/div>\n\t\t\t\t<\/div>\n\t\t","protected":false},"excerpt":{"rendered":"<p>Sida med information och specifikationer f\u00f6r CNC maskinen: Brembana Kosmos<\/p>\n","protected":false},"author":2,"featured_media":0,"parent":0,"menu_order":0,"comment_status":"closed","ping_status":"closed","template":"","meta":{"footnotes":""},"class_list":["post-1181","page","type-page","status-publish","hentry"],"_links":{"self":[{"href":"https:\/\/stenhuggeri.se\/index.php?rest_route=\/wp\/v2\/pages\/1181","targetHints":{"allow":["GET"]}}],"collection":[{"href":"https:\/\/stenhuggeri.se\/index.php?rest_route=\/wp\/v2\/pages"}],"about":[{"href":"https:\/\/stenhuggeri.se\/index.php?rest_route=\/wp\/v2\/types\/page"}],"author":[{"embeddable":true,"href":"https:\/\/stenhuggeri.se\/index.php?rest_route=\/wp\/v2\/users\/2"}],"replies":[{"embeddable":true,"href":"https:\/\/stenhuggeri.se\/index.php?rest_route=%2Fwp%2Fv2%2Fcomments&post=1181"}],"version-history":[{"count":10,"href":"https:\/\/stenhuggeri.se\/index.php?rest_route=\/wp\/v2\/pages\/1181\/revisions"}],"predecessor-version":[{"id":1711,"href":"https:\/\/stenhuggeri.se\/index.php?rest_route=\/wp\/v2\/pages\/1181\/revisions\/1711"}],"wp:attachment":[{"href":"https:\/\/stenhuggeri.se\/index.php?rest_route=%2Fwp%2Fv2%2Fmedia&parent=1181"}],"curies":[{"name":"wp","href":"https:\/\/api.w.org\/{rel}","templated":true}]}}